.
29
Let x(b) = 20*b + 10. Determine x(-1).
-10
Let h(k) = -5*k + 70. Calculate h(7).
35
Let r(k) = -2*k**2 + 11*k + 7. Give r(7).
-14
Let d(c) = 79*c - 4. Calculate d(2).
154
Let g(h) = -h**3 + 10*h**2 - h + 11. What is g(10)?
1
Let l(u) = u**3 + 11*u**2 - 26*u + 3. Calculate l(-13).
3
Let d(o) = -10*o + 29. Give d(3).
-1
Let h(a) = a**3 + 16*a**2 + 38*a - 8. Calculate h(-13).
5
Let i(n) = -n**3 + 19*n**2 - 19*n + 9. What is i(18)?
-9
Let n(d) = -21*d - 109. Calculate n(-5).
-4
Let s(o) = -2*o**3 - 3*o**2 - 2*o - 3. Give s(-3).
30
Let k(g) = 24*g + 12. Calculate k(0).
12
Let y(h) = -3*h**2 - 6*h - 3. Calculate y(-3).
-12
Let u(x) = x**2 - 46*x + 157. Calculate u(43).
28
Let x(d) = -d**2 + 24*d - 86. Calculate x(11).
57
Let m(j) = -j**3 - 4*j**2 + j - 8. Determine m(-5).
12
Let z(c) = -c**3 - c**2 + 12*c - 1. Calculate z(-4).
-1
Let i(p) = p**3 + 17*p**2 - 2*p - 7. What is i(-17)?
27
Let g(w) = w**3 + 5*w**2 - w - 12. Calculate g(-4).
8
Let c(u) = -u**3 - u**2 + 3*u - 15. Determine c(-5).
70
Let p(a) = -a**2 - 28*a + 578. Give p(-42).
-10
Let l(i) = -10*i**2 - 6*i + 2. Calculate l(2).
-50
Let b(v) = -v**2 - 16*v + 18. What is b(-18)?
-18
Let u(b) = b**3 + 2*b**2 - 2*b - 95. Determine u(0).
-95
Let w(c) = 2*c**2 - 5*c + 6. What is w(3)?
9
Let w(i) = i**3 + 11*i**2 + 15. Determine w(-11).
15
Let x(y) = y + 16. What is x(14)?
30
Let d(o) = o**2 - 6*o + 11. What is d(8)?
27
Let m(j) = -j**2 + 19*j + 4. What is m(20)?
-16
Let d(y) = -y**3 - 9*y**2 + 6*y + 50. Calculate d(-9).
-4
Let p(k) = k**3 + 2*k**2 - 2*k + 13. Give p(-3).
10
Let k(r) = 5*r + 38. Determine k(7).
73
Let n(w) = 13*w + 31. What is n(0)?
31
Let k(h) = h**2 + 6*h - 2. What is k(-9)?
25
Let x(i) = -8*i**3 + i - 2. Determine x(-2).
60
Let x(b) = 3*b**2 - 16*b + 9. What is x(5)?
4
Let p(v) = -v**3 - 5*v**2 - 4*v - 3. Calculate p(-3).
-9
Let q(b) = b**3 + 2*b**2 - 13*b - 22. Calculate q(-4).
-2
Let q(c) = -c**3 - 9*c**2 - 7*c + 25. What is q(-8)?
17
Let s(a) = a**2 + 7*a + 2. Give s(-10).
32
Let x(c) = -c**3 - 32*c**2 - 29*c - 1. Determine x(-31).
-63
Let d(p) = p + 3. What is d(10)?
13
Let t(x) = -29*x + 7. What is t(-2)?
65
Let g(f) = -5*f - 10. What is g(-2)?
0
Let a(n) = n**2 - 11*n - 9. Calculate a(11).
-9
Let f(k) = -k**2 + 7*k + 6. Calculate f(9).
-12
Let m(w) = 4*w - 4. Calculate m(3).
8
Let v(s) = 20*s**2 + 1. Calculate v(-1).
21
Let z(v) = -v**3 + 51*v**2 + 222*v - 118. What is z(55)?
-8
Let o(w) = -w**3 + 3*w**2 - w - 1. Give o(1).
0
Let k(l) = 10*l**3 - l**2 + 2*l. Calculate k(1).
11
Let b(y) = y**2 + 6*y + 1. Calculate b(-4).
-7
Let a(b) = b**3 + 6*b**2 + 4*b + 1. Give a(-5).
6
Let l(x) = -8*x - 238. Calculate l(-31).
10
Let h(t) = t**2 + 2*t + 2. Calculate h(0).
2
Let v(t) = 2*t**3 + 3*t - 4. What is v(3)?
59
Let l(k) = 2*k**2 + 3*k - 3. Determine l(2).
11
Let f(a) = 16*a - 58. Determine f(6).
38
Let i(a) = 4*a + 62. Calculate i(-18).
-10
Let v(b) = -b + 2. Calculate v(-8).
10
Let o(z) = -z**3 - 10*z**2 - 15*z + 2. Give o(-8).
-6
Let r(f) = -13*f**2 + 4*f - 2. What is r(2)?
-46
Let g(w) = 2*w + 44. What is g(-23)?
-2
Let l(b) = 2*b - 51. Determine l(0).
-51
Let v(p) = -p**3 - 16*p**2 - 18*p - 22. Give v(-15).
23
Let y(n) = -n**3 + 3*n**2 + 11*n - 9. Determine y(5).
-4
Let d(j) = -23*j**3 + 2*j**2 + 2*j + 1. Calculate d(-1).
24
Let i(b) = 6*b + 33. Calculate i(-3).
15
Let g(h) = -9*h - 6. Calculate g(5).
-51
Let h(z) = -3*z**2 - 92*z - 15. What is h(-30)?
45
Let w(f) = -2*f**2 + 122*f + 381. What is w(-3)?
-3
Let q(p) = p**3 + p**2 - 10*p - 3. What is q(-5)?
-53
Let y(k) = 5*k + 65. Calculate y(-9).
20
Let w(i) = 9*i + 495. Calculate w(-55).
0
Let m(w) = w**3 + 7*w**2 + 2*w - 9. What is m(-7)?
-23
Let o(b) = -11*b - 576. Determine o(-53).
7
Let u(q) = -q**2 + q - 23. Determine u(0).
-23
Let h(j) = -j**3 + 9*j**2 + 35*j - 10. Determine h(12).
-22
Let n(c) = -3*c - 7. Determine n(-4).
5
Let p(t) = t**2 + t. What is p(2)?
6
Let g(i) = 6*i - 9. What is g(5)?
21
Let c(n) = -n**3 - 10*n**2 + 6*n - 8. Calculate c(-10).
-68
Let x(d) = 3*d - 26. Give x(-10).
-56
Let c(r) = -4*r**2 + 20*r + 11. Give c(7).
-45
Let n(u) = u**3 - 10*u**2 + 2*u - 14. Calculate n(10).
6
Let c(b) = -b**2 + 8*b + 28. Give c(-3).
-5
Let x(h) = -3*h - 76. Give x(-34).
26
Let l(b) = b - 4. What is l(6)?
2
Let l(w) = -w**2 - 6*w + 39. Determine l(-8).
23
Let s(o) = -18*o - 125. Determine s(-7).
1
Let k(w) = 15*w + 8. Calculate k(2).
38
Let o(m) = m**2 + 9*m + 21. Calculate o(-4).
1
Let t(y) = -y**2 - 2*y + 4. Determine t(0).
4
Let v(w) = -2*w - 21. What is v(-14)?
7
Let j(w) = -w**3 + 17*w**2 - 15*w - 10. Give j(16).
6
Let z(p) = -p**3 + 8*p**2 - 11*p - 10. Give z(6).
-4
Let x(v) = -21*v - 1. What is x(1)?
-22
Let t(b) = 54*b - 166. What is t(3)?
-4
Let s(p) = -11*p + 150. Determine s(13).
7
Let g(w) = -w**3 + 7*w**2 - 4. Give g(6).
32
Let f(g) = -10*g**3 - 5*g**2 - 4*g - 3. Calculate f(-1).
6
Let v(a) = a**3 - 11*a**2 + 3*a - 31. Determine v(11).
2
Let d(n) = -81*n + 336. Calculate d(4).
12
Let a(c) = -c**3 + 14*c**2 - 6*c + 74. What is a(14)?
-10
Let v(r) = -r**3 + 7*r**2 - 20*r + 41. What is v(5)?
-9
Let r(b) = 5*b**3 - 2*b**2 + 2*b + 1. What is r(1)?
6
Let r(q) = 13*q - 95. What is r(5)?
-30
Let s(a) = -a**3 - 7*a**2 - 8*a - 10. What is s(-8)?
118
Let c(x) = x**3 + x**2 - 3*x - 5. What is c(4)?
63
Let r(v) = -7*v**2 - v - 1. What is r(-1)?
-7
Let a(d) = 7*d + 49. Give a(-7).
0
Let d(z) = z**3 - 8*z**2 + 9*z + 12. What is d(6)?
-6
Let v(b) = -19*b - 72. Determine v(-4).
4
Let h(p) = -2*p**2 - 11*p + 184. Give h(-13).
-11
Let d(u) = -30*u + 2. What is d(-1)?
32
Let l(u) = u**3 - 14*u**2 + 11*u + 14. Determine l(13).
-12
Let i(w) = -w**2 + 3*w + 8. Calculate i(11).
-80
Let z(m) = -m**2 + 18*m + 42. Calculate z(20).
2
Let u(n) = -7*n - 24. Calculate u(-12).
60
Let h(p) = 20*p + 6. What is h(-1)?
-14
Let j(a) = -a**3 + 8*a**2 - 5*a - 8. Calculate j(7).
6
Let o(c) = c**2 - 7. Determine o(4).
9
Let w(q) = -q**2 + 19*q + 227. Calculate w(27).
11
Let z(w) = -2*w**3 - 7*w**2 + 2*w + 20. Calculate z(-3).
5
Let t(n) = n**3 - 5*n**2 + 2*n + 5. What is t(4)?
-3
Let v(x) = x**3 - 2*x**2 + 3*x + 1. Calculate v(3).
19
Let x(q) = -q**2 + 15*q + 3. Give x(10).
53
Let f(n) = -n**2 - 11*n - 19. Calculate f(-8).
5
Let z(l) = 3*l**2 + 15*l + 10. Determine z(-4).
-2
Let d(a) = a**3 + 15*a**2 + 13*a - 7. Calculate d(-14).
7
Let k(x) = 12*x + 5. What is k(4)?
53
Let x(b) = 2*b**2 - 14*b + 21. Determine x(6).
9
Let x(t) = 4*t - 29. Give x(4).
-13
Let t(f) = -f**2 + 6*f - 9. Determine t(7).
-16
Let t(x) = -x**2 + x + 9. What is t(0)?
9
Let p(t) = 9*t**3 + 2*t + 1. Determine p(-1).
-10
Let n(o) = 7*o - 20. Calculate n(4).
8
Let t(a) = 5*a + 8. Determine t(-7).
-27
Let d(s) = 18*s + 50. Determine d(-5).
-40
Let x(z) = 16*z**2. Determine x(1).
16
Let g(y) = y**2 + 14*y + 23. What is g(-13)?
10
Let n(c) = -5*c - 7. What is n(5)?
-32
Let i(l) = -l**3 - 8*l**2 - 9*l + 5. Determine i(-7).
19
Let y(p) = p**3 - 6*p**2 + 8*p - 1. Determine y(6).
47
Let x(r) = -r**3 - 2*r - 1. What is x(-2)?
11
Let u(a) = a**3 + 19*a**2 + 16*a - 30. Give u(-18).
6
Let n(b) = -b**2 - 11*b + 472. What is n(-28)?
-4
Let m(t) = 8*t - 90. What is m(12)?
6
Let u(c) = -c**2 + 6*c + 5. Calculate u(-4).
-35
Let b(n) = 2*n**3 + 27*n**2 + 12*n - 23. Determine b(-13).
-10
Let v(t) = 2*t**3 - 80*t**2 + 79*t - 35. Give v(39).
4
Let k(o) = -o**3 + 4*o**2 - o + 2. What is k(3)?
8
Let q(y) = -y**2 + 9*y - 7. Give q(7).
7
Let t(g) = g**2 + 9*g + 21. Calculate t(-5).
1
Let q(t) = -t - 44. Calculate q(-18).
-26
Let i(s) = -2*s**3 + 3*s**2 - 9*s + 13. Calculate i(2).
-9
Let r(j) = j**3 - 3*j**2 - 2*j - 53. Give r(0).
-53
Let u(z) = -2*z**3 - 3*z**2 + 4*z - 6. What is u(-3)?
9
Let q(o) = o + 5. Determine q(4).
9
Let n(p) = 21*p + 8. Give n(-2).
-34
Let y(w) = -w**2 - 4*w + 11. Determine y(-8).
-21
Let v(s) = -2*s + 41. Determine v(-21).
83
Let f(z) = 5*z**3 + 3*z**2 - z. What is f(1)?
7
Let y(z) = -11*z + 22. Calculate y(2).
0
Let p(n) = n**3 - 14*n**2 + n + 8. Calculate p(14).
22
Let z(m) = 3*m + 33. Determine z(-11).
0
Let u(s) = 166*s - 336. Determine u(2).
-4
Let i(h) = 4*h - 2. Give i(-1).
-6
Let f(w) = w**3 - 13*w**2 + 15*w - 27. Give f(12).
9
Let g(s) = -3*s**3 + 3*s + 3. Determine g(0).
3
Let l(q) = -q + 28. What is l(6)?
22
Let m(g) = -19*g**3 + 2*g**2 - 3*g. Determine 